te the remainder when -10*1*z/15 is divided by h.
2
Suppose 14*m + 7560 = 2*m. Let h = 655 + m. What is the remainder when 373 is divided by h?
23
Suppose -a = 3*a + 8. Calculate the remainder when a/(-6) + 310/6 is divided by 5/(-10) + 15/(-2) - (3 - 22).
8
Calculate the remainder when 853 - (-30)/(-20)*3*(-18)/27 is divided by 830.
26
Let l = -14145 + 14184. What is the remainder when 7093 is divided by l?
34
Let s = -235 + 300. What is the remainder when 216 is divided by s?
21
Calculate the remainder when 420 is divided by (-8968)/(-295) - ((-4)/10)/(-1).
0
Let y be (2*-2*1)/((-3)/6). Let t be (9 - 1)*y*(-21)/(-6). Suppose 2*s = 5*v + t, 2*s - 4*v + 2*v - 230 = 0. What is the remainder when s is divided by 24?
21
Let d = 1751 - 1728. What is the remainder when 2989 is divided by d?
22
Let s = -13 - -13. Suppose -v + 8*v - v = s. Suppose -4*p + 15*p - 330 = v. What is the remainder when 89 is divided by p?
29
Suppose 5*t + 0 - 20 = 0. Let j(u) = -2*u**3 + u - 5. Let o be j(-2). Suppose t*y = z - 3, 3*z - z = 5*y + o. Calculate the remainder when z is divided by 2.
1
What is the remainder when (20/7)/((-64)/(-6496)) is divided by 145?
0
Suppose 5*m - 170 = 5*x, 5*m = -4*x + 187 - 8. Calculate the remainder when 325 is divided by m.
10
What is the remainder when 68/(-11) + 6 + 73814/22 is divided by 112?
107
Let w = -552 + 657. Suppose 2*p - 93 = w. Calculate the remainder when p is divided by 31.
6
Let z(v) = -v**3 + 31*v**2 + 5*v + 63. Let q be z(31). Suppose -3*f = -j - j - q, 0 = -2*f + 4*j + 156. Calculate the remainder when 130 is divided by f.
60
Suppose w - 5*c - 18 = 27, 3*w - 65 = 5*c. What is the remainder when 786 is divided by w?
6
Let m be 1/(3/(-1203)) + -3 + -1. Let l = -378 - m. Suppose 5*b = 42 + 8. What is the remainder when l is divided by b?
7
Let z(y) = -44*y - 635. Calculate the remainder when 280 is divided by z(-15).
5
Suppose 10*k - 5*k - 95 = 0. Suppose 0 = 4*h + k + 65. Let b = 47 - h. Calculate the remainder when b is divided by 23.
22
Let u(v) = 4*v + 7. Let k be u(15). Suppose 2*b - b = k. Let p = -9 + b. What is the remainder when p is divided by 12?
10
Let u = 3223 + -2817. Calculate the remainder when u is divided by 15.
1
Let b(h) = 21*h - 24*h + h**3 - 32*h + 3 - 4 + 6 - 40*h**2. What is the remainder when b(41) is divided by 59?
15
Let c(t) = 2*t**3 - 10*t**2 + 28*t - 8. Calculate the remainder when c(7) is divided by 100.
84
Suppose -2*c + 3*c = -2*u + 226, 1421 = 6*c - u. Calculate the remainder when c is divided by 106.
24
Let a(s) = -3*s + 7. Let p be a(4). Let c = 18 + p. What is the remainder when 77 is divided by c?
12
Let n = 2018 + 898. What is the remainder when (n/(-4))/(-3) + 2/(-2) is divided by 35?
32
Suppose 8*p - 4*p = 3*n + 67, 8*p - 84 = -4*n. Calculate the remainder when 331 is divided by p.
6
Suppose -3*l - 6*r + 1931 = -5*r, -4*r + 2580 = 4*l. What is the remainder when l is divided by 56?
27
Let m(i) = -i**3 - 6*i + 1589 - 822 - 820 - 14*i**2. What is the remainder when 122 is divided by m(-14)?
29
Suppose 112 = 2*j - 2*u, 7*u - 12*u = 5*j - 260. Calculate the remainder when 2699 is divided by j.
53
Suppose 1260 = 5*o - 5*m, 3*o - 2*m - 751 = 2*m. Let r(z) = 32*z**2 - 7*z + 1. Calculate the remainder when o is divided by r(1).
23
What is the remainder when 234 is divided by (2 - 4) + (215 - -6 - -7)?
8
Let r = -17 - -35. Let k(o) = 4*o**2 + 9*o + 9. Let q be k(-8). Suppose 3*t - 218 = -l, 4*t - 7*t + 4*l = -q. Calculate the remainder when t is divided by r.
17
Suppose 153*p + 161*p = 301*p + 364. What is the remainder when 341 is divided by p?
5
Suppose 0 = -y - 3*g + 156, -3*y + 54*g - 51*g = -480. What is the remainder when 1907 is divided by y?
158
Let t be 4 - -2*(1 - 177/(-6)). Let v = t - 32. Calculate the remainder when v is divided by 18.
15
Let f = -30 - -49. Let b = 43 - f. Suppose 3*s = 5*s - b. Calculate the remainder when 21 is divided by s.
9
Suppose 31*n - 2415 = 592. What is the remainder when ((-8)/(-6) - 0)*(n - 34) is divided by 60?
24
Let m = -13881 + 13939. What is the remainder when m is divided by 9?
4
Let a(i) = -2*i**2 - 3*i + 14. What is the remainder when 1789 is divided by a(0)?
11
What is the remainder when 2907 is divided by (-46)/(-3) + (-259)/21 + 12?
12
Let r = -13291 + 13453. Calculate the remainder when 669 is divided by r.
21
Let b = 26453 - 24326. Calculate the remainder when 4262 is divided by b.
8
Let i be 398 - (-12)/8*16/(-6). Let z = i - 235. What is the remainder when z is divided by 16?
15
Let d = 109 - -6. Let c = -283169 - -283184. What is the remainder when d is divided by c?
10
Let r(n) = 4*n**2 + 10*n + 89. Let i(c) = -2*c**2 - 6*c - 44. Let u(f) = -9*i(f) - 4*r(f). What is the remainder when 197 is divided by u(-5)?
17
Let j = 10 - -166. Let h(r) = 2*r**3 + 11*r**2 - 668*r - 321. What is the remainder when j is divided by h(-21)?
32
Let p be 21/(1*(-10)/(50/(-15))). What is the remainder when ((-42)/p)/((-10)/185) is divided by 19?
16
Suppose 7*x = -0*x + 7. Suppose -x = -9*z + 8*z. What is the remainder when 3/6 - (z + (-394)/4) is divided by 20?
18
Let i(a) be the first derivative of -1/3*a**3 + 29*a + 7*a**2 + 1. Calculate the remainder when i(13) is divided by 11.
9
Suppose 0 = 2*c + b - 3*b - 88, 0 = 4*c + b - 186. Let n be (0 - 6/(-24)) + c/8. What is the remainder when 29 is divided by (-4)/n*(-66)/4?
7
Let t be (-604)/(-20) - 1/5. Suppose 537 + 393 = t*w. What is the remainder when w is divided by 9?
4
What is the remainder when (-19704)/(-132) - (5 - (-156)/(-33)) is divided by 28?
9
Let b(q) = 16*q**2 + 561*q + 154. Let p = -41 + 65. Calculate the remainder when b(-35) is divided by p.
23
Suppose -2241 + 120 = -21*i. Calculate the remainder when i is divided by 61.
40
Suppose -7*h = 99 - 120. What is the remainder when 4760/(-30)*h/(-2) is divided by 16?
14
Let k be (2*2 - -1)*(-608)/80. Let g = k - -22. Calculate the remainder when 52*((-36)/g + -2) is divided by 10.
3
Suppose 0 = -5*w - 3*t + 8, w - 2*t - 16 = t. What is the remainder when 100 is divided by 180/5 - (-4 + w)?
28
Calculate the remainder when ((-55)/55)/(-4 + 4707/1177) is divided by 36.
25
Let n(r) = 2*r**3 + 46*r**2 - 207*r - 3. What is the remainder when 4914 is divided by n(4)?
30
Let m(s) = s**3 - 7*s**2 - 4*s - 27. Suppose 3*b + 2*h = 11, -5*b + 37 + 23 = -5*h. What is the remainder when b is divided by m(8)?
2
Suppose 2*i - z = 121, -3*z - 2*z = i - 55. Suppose 3*l - 5*p + 13 - i = 0, -4*l + p + 40 = 0. Calculate the remainder when ((-12)/9)/4*-132 is divided by l.
8
Let p = -12324 - -12336. Calculate the remainder when 321 is divided by p.
9
Calculate the remainder when 5229 is divided by ((-60)/(-5) - 11) + 27.
21
Let k = -2139 - -2182. Calculate the remainder when k is divided by 14.
1
Suppose -5*q - 2*m + 575 = 418, -3*q + 57 = -5*m. What is the remainder when 71 is divided by q?
13
Suppose 0 = -460*a + 572*a - 4592. Calculate the remainder when 1771 is divided by a.
8
Let o(w) = -470*w + 6876. What is the remainder when o(14) is divided by 179?
117
What is the remainder when (713251/(-119))/(-11) - (-6)/51 is divided by 34?
1
Calculate the remainder when 18111 is divided by ((7 - 0) + -928)*21/(-63).
305
Suppose 0*x + 2*x = 2, 4*p = -x + 209. Suppose -104 - p = -12*m. Suppose -k + 36 = 4*z, 0 = -7*z + 4*z. Calculate the remainder when k is divided by m.
10
Let z = 43 + -37. Suppose -z*u - 6 = -7*u. Suppose 3*s + 5 = q, -2*q + 16 = 2*s - u*s. Calculate the remainder when 40 is divided by q.
12
Suppose -o + 439 - 422 = 0. What is the remainder when 796 is divided by o?
14
Suppose -4*k = -53 - 51. Let x = -12154 + 12168. What is the remainder when k is divided by x?
12
Suppose -5*l - 10 = -2*j, -l + 8 = 3*j - 24. What is the remainder when j is divided by -3*(2/(-3) - 8/8)?
0
Suppose -18*n + 24*n = -36*n + 29232. Calculate the remainder when n is divided by 73.
39
Suppose -71*z - 67*z + 23*z = -260705. Calculate the remainder when z is divided by 108.
107
Suppose -2*o = -10, 142*x = 141*x - 4*o + 50. Calculate the remainder when 869 is divided by x.
29
Let q be 5/(-10)*(-12)/2. Suppose 0 = -t - q*t - 3*n + 83, 5*n + 15 = 0. Calculate the remainder when t is divided by (-540)/(-48) + (-2)/8 + 1.
11
Suppose 200 = 2*b + 5*p, -4*b + 42*p + 428 = 38*p